{"id":9,"date":"2024-08-28T12:42:49","date_gmt":"2024-08-28T12:42:49","guid":{"rendered":"https:\/\/jsworld.fi\/2024\/?page_id=9"},"modified":"2024-09-05T22:04:20","modified_gmt":"2024-09-05T22:04:20","slug":"henkilokohtaisen-kehityksen-valmentaja","status":"publish","type":"page","link":"https:\/\/jsworld.fi\/2024\/","title":{"rendered":"Janne S\u00e4rm\u00e4kari"},"content":{"rendered":"\t\t<div data-elementor-type=\"wp-page\" data-elementor-id=\"9\" class=\"elementor elementor-9\">\n\t\t\t\t<div class=\"elementor-element elementor-element-30a5a35 e-flex e-con-boxed e-con e-parent\" data-id=\"30a5a35\" data-element_type=\"container\" data-e-type=\"container\">\n\t\t\t\t\t<div class=\"e-con-inner\">\n\t\t\t\t<div class=\"elementor-element elementor-element-2a3e54f elementor-widget elementor-widget-image\" data-id=\"2a3e54f\" data-element_type=\"widget\" data-e-type=\"widget\" data-widget_type=\"image.default\">\n\t\t\t\t<div class=\"elementor-widget-container\">\n\t\t\t\t\t\t\t\t\t\t\t\t\t\t\t<img fetchpriority=\"high\" decoding=\"async\" width=\"1024\" height=\"742\" src=\"https:\/\/jsworld.fi\/2024\/wp-content\/uploads\/2024\/08\/janne-etusivu-1-1024x742.jpg\" class=\"attachment-large size-large wp-image-21\" alt=\"\" srcset=\"https:\/\/jsworld.fi\/2024\/wp-content\/uploads\/2024\/08\/janne-etusivu-1-1024x742.jpg 1024w, https:\/\/jsworld.fi\/2024\/wp-content\/uploads\/2024\/08\/janne-etusivu-1-300x217.jpg 300w, https:\/\/jsworld.fi\/2024\/wp-content\/uploads\/2024\/08\/janne-etusivu-1-768x557.jpg 768w, https:\/\/jsworld.fi\/2024\/wp-content\/uploads\/2024\/08\/janne-etusivu-1.jpg 1144w\" sizes=\"(max-width: 1024px) 100vw, 1024px\" \/>\t\t\t\t\t\t\t\t\t\t\t\t\t\t\t<\/div>\n\t\t\t\t<\/div>\n\t\t\t\t<div class=\"elementor-element elementor-element-83e6984 elementor-widget elementor-widget-text-editor\" data-id=\"83e6984\" data-element_type=\"widget\" data-e-type=\"widget\" data-widget_type=\"text-editor.default\">\n\t\t\t\t<div class=\"elementor-widget-container\">\n\t\t\t\t\t\t\t\t\t<p><span style=\"color: var( --e-global-color-secondary ); text-align: var(--text-align); background-color: var(--wp--preset--color--background); font-size: var(--wp--preset--font-size--medium);\"><b>JS WORLD<\/b> on ammattimaista valmennusta parhaimmillaan yli 20:nen vuoden kokemuksella. Kohdeasiakkaamme ovat niin yksil\u00f6t, kuin yrityksetkin. Etsimme teille sopivan paikan tai tuomme valmennuksen luoksenne, niin kotiin kuin yritykseennekin. Valmennuskokonaisuudet r\u00e4\u00e4t\u00e4l\u00f6id\u00e4\u00e4n juuri teille sopiviksi tarkoilla el\u00e4m\u00e4ntapakysymyksill\u00e4, haastatteluilla ja testeill\u00e4.<\/span><\/p><p>JS WORLD minimoi ajank\u00e4ytt\u00f6si ja optimoi tuloksellisuutenne. Me annamme ty\u00f6kalut ja takaamme ammattitaidon sek\u00e4 tuloksellisuuden. Te puolestanne teette niin kuin sanotaan ja voitto on varma.<\/p><p>Janne S\u00e4rm\u00e4kari<br \/><a href=\"tel:+358400601052\">0400 601 052<\/a><\/p><p><a href=\"mailto:janne@jsworld.fi\">janne@jsworld.fi<\/a><\/p>\t\t\t\t\t\t\t\t<\/div>\n\t\t\t\t<\/div>\n\t\t\t\t\t<\/div>\n\t\t\t\t<\/div>\n\t\t\t\t<\/div>\n\t\t","protected":false},"excerpt":{"rendered":"<p>JS WORLD on ammattimaista valmennusta parhaimmillaan yli 20:nen vuoden kokemuksella. Kohdeasiakkaamme ovat niin yksil\u00f6t, kuin yrityksetkin. Etsimme teille sopivan paikan tai tuomme valmennuksen luoksenne, niin kotiin kuin yritykseennekin. Valmennuskokonaisuudet r\u00e4\u00e4t\u00e4l\u00f6id\u00e4\u00e4n juuri teille sopiviksi tarkoilla el\u00e4m\u00e4ntapakysymyksill\u00e4, haastatteluilla ja testeill\u00e4. JS WORLD minimoi ajank\u00e4ytt\u00f6si ja optimoi tuloksellisuutenne. Me annamme ty\u00f6kalut ja takaamme ammattitaidon sek\u00e4 tuloksellisuuden. Te puolestanne [&hellip;]<\/p>\n","protected":false},"author":1,"featured_media":0,"parent":0,"menu_order":0,"comment_status":"closed","ping_status":"closed","template":"","meta":{"footnotes":""},"class_list":["post-9","page","type-page","status-publish","hentry"],"yoast_head":"<!-- This site is optimized with the Yoast SEO plugin v27.5 - https:\/\/yoast.com\/product\/yoast-seo-wordpress\/ -->\n<title>JSWorld tarjoaa henkil\u00f6kohtaista kehityst\u00e4 sek\u00e4 kuntovalmennusta<\/title>\n<meta name=\"description\" content=\"JSWorld tarjoaa r\u00e4\u00e4t\u00e4l\u00f6ity\u00e4 yksil\u00f6- ja ryhm\u00e4valmennusta, joka yhdist\u00e4\u00e4 ravintovalmennuksen, el\u00e4m\u00e4ntapamuutoksen ja kokonaisvaltaisen henkil\u00f6kohtaisen kehityksen fysiikkavalmennuksen avulla\" \/>\n<meta name=\"robots\" content=\"index, follow, max-snippet:-1, max-image-preview:large, max-video-preview:-1\" \/>\n<link rel=\"canonical\" href=\"https:\/\/jsworld.fi\/2024\/\" \/>\n<meta property=\"og:locale\" content=\"en_GB\" \/>\n<meta property=\"og:type\" content=\"article\" \/>\n<meta property=\"og:title\" content=\"JSWorld tarjoaa henkil\u00f6kohtaista kehityst\u00e4 sek\u00e4 kuntovalmennusta\" \/>\n<meta property=\"og:description\" content=\"JSWorld tarjoaa r\u00e4\u00e4t\u00e4l\u00f6ity\u00e4 yksil\u00f6- ja ryhm\u00e4valmennusta, joka yhdist\u00e4\u00e4 ravintovalmennuksen, el\u00e4m\u00e4ntapamuutoksen ja kokonaisvaltaisen henkil\u00f6kohtaisen kehityksen fysiikkavalmennuksen avulla\" \/>\n<meta property=\"og:url\" content=\"https:\/\/jsworld.fi\/2024\/\" \/>\n<meta property=\"article:publisher\" content=\"https:\/\/www.facebook.com\/JSWorldPersonalTraining\/\" \/>\n<meta property=\"article:modified_time\" content=\"2024-09-05T22:04:20+00:00\" \/>\n<meta property=\"og:image\" content=\"https:\/\/jsworld.fi\/2024\/wp-content\/uploads\/2024\/08\/janne-etusivu-1-1024x742.jpg\" \/>\n<meta name=\"twitter:card\" content=\"summary_large_image\" \/>\n<meta name=\"twitter:label1\" content=\"Estimated reading time\" \/>\n\t<meta name=\"twitter:data1\" content=\"1 minute\" \/>\n<script type=\"application\/ld+json\" class=\"yoast-schema-graph\">{\"@context\":\"https:\\\/\\\/schema.org\",\"@graph\":[{\"@type\":\"WebPage\",\"@id\":\"https:\\\/\\\/jsworld.fi\\\/2024\\\/\",\"url\":\"https:\\\/\\\/jsworld.fi\\\/2024\\\/\",\"name\":\"JSWorld tarjoaa henkil\u00f6kohtaista kehityst\u00e4 sek\u00e4 kuntovalmennusta\",\"isPartOf\":{\"@id\":\"https:\\\/\\\/jsworld.fi\\\/2024\\\/#website\"},\"primaryImageOfPage\":{\"@id\":\"https:\\\/\\\/jsworld.fi\\\/2024\\\/#primaryimage\"},\"image\":{\"@id\":\"https:\\\/\\\/jsworld.fi\\\/2024\\\/#primaryimage\"},\"thumbnailUrl\":\"https:\\\/\\\/jsworld.fi\\\/2024\\\/wp-content\\\/uploads\\\/2024\\\/08\\\/janne-etusivu-1-1024x742.jpg\",\"datePublished\":\"2024-08-28T12:42:49+00:00\",\"dateModified\":\"2024-09-05T22:04:20+00:00\",\"description\":\"JSWorld tarjoaa r\u00e4\u00e4t\u00e4l\u00f6ity\u00e4 yksil\u00f6- ja ryhm\u00e4valmennusta, joka yhdist\u00e4\u00e4 ravintovalmennuksen, el\u00e4m\u00e4ntapamuutoksen ja kokonaisvaltaisen henkil\u00f6kohtaisen kehityksen fysiikkavalmennuksen avulla\",\"breadcrumb\":{\"@id\":\"https:\\\/\\\/jsworld.fi\\\/2024\\\/#breadcrumb\"},\"inLanguage\":\"en-GB\",\"potentialAction\":[{\"@type\":\"ReadAction\",\"target\":[\"https:\\\/\\\/jsworld.fi\\\/2024\\\/\"]}]},{\"@type\":\"ImageObject\",\"inLanguage\":\"en-GB\",\"@id\":\"https:\\\/\\\/jsworld.fi\\\/2024\\\/#primaryimage\",\"url\":\"https:\\\/\\\/jsworld.fi\\\/2024\\\/wp-content\\\/uploads\\\/2024\\\/08\\\/janne-etusivu-1.jpg\",\"contentUrl\":\"https:\\\/\\\/jsworld.fi\\\/2024\\\/wp-content\\\/uploads\\\/2024\\\/08\\\/janne-etusivu-1.jpg\",\"width\":1144,\"height\":829},{\"@type\":\"BreadcrumbList\",\"@id\":\"https:\\\/\\\/jsworld.fi\\\/2024\\\/#breadcrumb\",\"itemListElement\":[{\"@type\":\"ListItem\",\"position\":1,\"name\":\"Etusivu\",\"item\":\"https:\\\/\\\/jsworld.fi\\\/2024\\\/\"},{\"@type\":\"ListItem\",\"position\":2,\"name\":\"Janne S\u00e4rm\u00e4kari\"}]},{\"@type\":\"WebSite\",\"@id\":\"https:\\\/\\\/jsworld.fi\\\/2024\\\/#website\",\"url\":\"https:\\\/\\\/jsworld.fi\\\/2024\\\/\",\"name\":\"JSWorld\",\"description\":\"Ammattimaista valmennusta vuodesta 1994\",\"publisher\":{\"@id\":\"https:\\\/\\\/jsworld.fi\\\/2024\\\/#organization\"},\"potentialAction\":[{\"@type\":\"SearchAction\",\"target\":{\"@type\":\"EntryPoint\",\"urlTemplate\":\"https:\\\/\\\/jsworld.fi\\\/2024\\\/?s={search_term_string}\"},\"query-input\":{\"@type\":\"PropertyValueSpecification\",\"valueRequired\":true,\"valueName\":\"search_term_string\"}}],\"inLanguage\":\"en-GB\"},{\"@type\":\"Organization\",\"@id\":\"https:\\\/\\\/jsworld.fi\\\/2024\\\/#organization\",\"name\":\"JSWorld\",\"url\":\"https:\\\/\\\/jsworld.fi\\\/2024\\\/\",\"logo\":{\"@type\":\"ImageObject\",\"inLanguage\":\"en-GB\",\"@id\":\"https:\\\/\\\/jsworld.fi\\\/2024\\\/#\\\/schema\\\/logo\\\/image\\\/\",\"url\":\"https:\\\/\\\/jsworld.fi\\\/2024\\\/wp-content\\\/uploads\\\/2024\\\/08\\\/LOGO-JS-WORLD-2024.png\",\"contentUrl\":\"https:\\\/\\\/jsworld.fi\\\/2024\\\/wp-content\\\/uploads\\\/2024\\\/08\\\/LOGO-JS-WORLD-2024.png\",\"width\":300,\"height\":120,\"caption\":\"JSWorld\"},\"image\":{\"@id\":\"https:\\\/\\\/jsworld.fi\\\/2024\\\/#\\\/schema\\\/logo\\\/image\\\/\"},\"sameAs\":[\"https:\\\/\\\/www.facebook.com\\\/JSWorldPersonalTraining\\\/\",\"https:\\\/\\\/www.instagram.com\\\/janne.sarmakari\\\/\"]}]}<\/script>\n<!-- \/ Yoast SEO plugin. -->","yoast_head_json":{"title":"JSWorld tarjoaa henkil\u00f6kohtaista kehityst\u00e4 sek\u00e4 kuntovalmennusta","description":"JSWorld tarjoaa r\u00e4\u00e4t\u00e4l\u00f6ity\u00e4 yksil\u00f6- ja ryhm\u00e4valmennusta, joka yhdist\u00e4\u00e4 ravintovalmennuksen, el\u00e4m\u00e4ntapamuutoksen ja kokonaisvaltaisen henkil\u00f6kohtaisen kehityksen fysiikkavalmennuksen avulla","robots":{"index":"index","follow":"follow","max-snippet":"max-snippet:-1","max-image-preview":"max-image-preview:large","max-video-preview":"max-video-preview:-1"},"canonical":"https:\/\/jsworld.fi\/2024\/","og_locale":"en_GB","og_type":"article","og_title":"JSWorld tarjoaa henkil\u00f6kohtaista kehityst\u00e4 sek\u00e4 kuntovalmennusta","og_description":"JSWorld tarjoaa r\u00e4\u00e4t\u00e4l\u00f6ity\u00e4 yksil\u00f6- ja ryhm\u00e4valmennusta, joka yhdist\u00e4\u00e4 ravintovalmennuksen, el\u00e4m\u00e4ntapamuutoksen ja kokonaisvaltaisen henkil\u00f6kohtaisen kehityksen fysiikkavalmennuksen avulla","og_url":"https:\/\/jsworld.fi\/2024\/","article_publisher":"https:\/\/www.facebook.com\/JSWorldPersonalTraining\/","article_modified_time":"2024-09-05T22:04:20+00:00","og_image":[{"url":"https:\/\/jsworld.fi\/2024\/wp-content\/uploads\/2024\/08\/janne-etusivu-1-1024x742.jpg","type":"","width":"","height":""}],"twitter_card":"summary_large_image","twitter_misc":{"Estimated reading time":"1 minute"},"schema":{"@context":"https:\/\/schema.org","@graph":[{"@type":"WebPage","@id":"https:\/\/jsworld.fi\/2024\/","url":"https:\/\/jsworld.fi\/2024\/","name":"JSWorld tarjoaa henkil\u00f6kohtaista kehityst\u00e4 sek\u00e4 kuntovalmennusta","isPartOf":{"@id":"https:\/\/jsworld.fi\/2024\/#website"},"primaryImageOfPage":{"@id":"https:\/\/jsworld.fi\/2024\/#primaryimage"},"image":{"@id":"https:\/\/jsworld.fi\/2024\/#primaryimage"},"thumbnailUrl":"https:\/\/jsworld.fi\/2024\/wp-content\/uploads\/2024\/08\/janne-etusivu-1-1024x742.jpg","datePublished":"2024-08-28T12:42:49+00:00","dateModified":"2024-09-05T22:04:20+00:00","description":"JSWorld tarjoaa r\u00e4\u00e4t\u00e4l\u00f6ity\u00e4 yksil\u00f6- ja ryhm\u00e4valmennusta, joka yhdist\u00e4\u00e4 ravintovalmennuksen, el\u00e4m\u00e4ntapamuutoksen ja kokonaisvaltaisen henkil\u00f6kohtaisen kehityksen fysiikkavalmennuksen avulla","breadcrumb":{"@id":"https:\/\/jsworld.fi\/2024\/#breadcrumb"},"inLanguage":"en-GB","potentialAction":[{"@type":"ReadAction","target":["https:\/\/jsworld.fi\/2024\/"]}]},{"@type":"ImageObject","inLanguage":"en-GB","@id":"https:\/\/jsworld.fi\/2024\/#primaryimage","url":"https:\/\/jsworld.fi\/2024\/wp-content\/uploads\/2024\/08\/janne-etusivu-1.jpg","contentUrl":"https:\/\/jsworld.fi\/2024\/wp-content\/uploads\/2024\/08\/janne-etusivu-1.jpg","width":1144,"height":829},{"@type":"BreadcrumbList","@id":"https:\/\/jsworld.fi\/2024\/#breadcrumb","itemListElement":[{"@type":"ListItem","position":1,"name":"Etusivu","item":"https:\/\/jsworld.fi\/2024\/"},{"@type":"ListItem","position":2,"name":"Janne S\u00e4rm\u00e4kari"}]},{"@type":"WebSite","@id":"https:\/\/jsworld.fi\/2024\/#website","url":"https:\/\/jsworld.fi\/2024\/","name":"JSWorld","description":"Ammattimaista valmennusta vuodesta 1994","publisher":{"@id":"https:\/\/jsworld.fi\/2024\/#organization"},"potentialAction":[{"@type":"SearchAction","target":{"@type":"EntryPoint","urlTemplate":"https:\/\/jsworld.fi\/2024\/?s={search_term_string}"},"query-input":{"@type":"PropertyValueSpecification","valueRequired":true,"valueName":"search_term_string"}}],"inLanguage":"en-GB"},{"@type":"Organization","@id":"https:\/\/jsworld.fi\/2024\/#organization","name":"JSWorld","url":"https:\/\/jsworld.fi\/2024\/","logo":{"@type":"ImageObject","inLanguage":"en-GB","@id":"https:\/\/jsworld.fi\/2024\/#\/schema\/logo\/image\/","url":"https:\/\/jsworld.fi\/2024\/wp-content\/uploads\/2024\/08\/LOGO-JS-WORLD-2024.png","contentUrl":"https:\/\/jsworld.fi\/2024\/wp-content\/uploads\/2024\/08\/LOGO-JS-WORLD-2024.png","width":300,"height":120,"caption":"JSWorld"},"image":{"@id":"https:\/\/jsworld.fi\/2024\/#\/schema\/logo\/image\/"},"sameAs":["https:\/\/www.facebook.com\/JSWorldPersonalTraining\/","https:\/\/www.instagram.com\/janne.sarmakari\/"]}]}},"_links":{"self":[{"href":"https:\/\/jsworld.fi\/2024\/index.php?rest_route=\/wp\/v2\/pages\/9","targetHints":{"allow":["GET"]}}],"collection":[{"href":"https:\/\/jsworld.fi\/2024\/index.php?rest_route=\/wp\/v2\/pages"}],"about":[{"href":"https:\/\/jsworld.fi\/2024\/index.php?rest_route=\/wp\/v2\/types\/page"}],"author":[{"embeddable":true,"href":"https:\/\/jsworld.fi\/2024\/index.php?rest_route=\/wp\/v2\/users\/1"}],"replies":[{"embeddable":true,"href":"https:\/\/jsworld.fi\/2024\/index.php?rest_route=%2Fwp%2Fv2%2Fcomments&post=9"}],"version-history":[{"count":71,"href":"https:\/\/jsworld.fi\/2024\/index.php?rest_route=\/wp\/v2\/pages\/9\/revisions"}],"predecessor-version":[{"id":382,"href":"https:\/\/jsworld.fi\/2024\/index.php?rest_route=\/wp\/v2\/pages\/9\/revisions\/382"}],"wp:attachment":[{"href":"https:\/\/jsworld.fi\/2024\/index.php?rest_route=%2Fwp%2Fv2%2Fmedia&parent=9"}],"curies":[{"name":"wp","href":"https:\/\/api.w.org\/{rel}","templated":true}]}}